{"id":14,"date":"2022-04-05T08:07:01","date_gmt":"2022-04-05T08:07:01","guid":{"rendered":"https:\/\/tvinter.se\/?page_id=14"},"modified":"2022-04-05T12:31:32","modified_gmt":"2022-04-05T12:31:32","slug":"hem","status":"publish","type":"page","link":"https:\/\/tvinter.se\/","title":{"rendered":"Hem"},"content":{"rendered":"<p>[et_pb_section fb_built=&#8221;1&#8243; admin_label=&#8221;section&#8221; _builder_version=&#8221;3.19.14&#8243; use_background_color_gradient=&#8221;on&#8221; background_color_gradient_start=&#8221;rgba(0,0,0,0.55)&#8221; background_color_gradient_end=&#8221;rgba(255,255,255,0.12)&#8221; background_color_gradient_overlays_image=&#8221;on&#8221; background_image=&#8221;https:\/\/tvinter.se\/wp-content\/uploads\/2022\/04\/svartvit-header.jpg&#8221;][et_pb_row admin_label=&#8221;row&#8221; _builder_version=&#8221;3.0.48&#8243; background_size=&#8221;initial&#8221; background_position=&#8221;top_left&#8221; background_repeat=&#8221;repeat&#8221;][et_pb_column type=&#8221;4_4&#8243; _builder_version=&#8221;3.0.47&#8243;][et_pb_divider show_divider=&#8221;off&#8221; height=&#8221;60px&#8221; _builder_version=&#8221;3.19.14&#8243;][\/et_pb_divider][et_pb_text _builder_version=&#8221;3.19.14&#8243; header_font=&#8221;||||||||&#8221; header_text_color=&#8221;#ffffff&#8221; header_font_size=&#8221;60px&#8221;]<\/p>\n<h1 style=\"text-align: center;\"><strong>Kristen TV <\/strong><\/h1>\n<h1 style=\"text-align: center;\"><strong>till v\u00e4rldens alla folk<\/strong><\/h1>\n<p>[\/et_pb_text][et_pb_divider show_divider=&#8221;off&#8221; height=&#8221;60px&#8221; _builder_version=&#8221;3.19.14&#8243;][\/et_pb_divider][\/et_pb_column][\/et_pb_row][\/et_pb_section][et_pb_section fb_built=&#8221;1&#8243; _builder_version=&#8221;3.19.14&#8243; background_color=&#8221;#f9f9f9&#8243;][et_pb_row _builder_version=&#8221;3.19.14&#8243;][et_pb_column type=&#8221;4_4&#8243; _builder_version=&#8221;3.19.14&#8243;][et_pb_text _builder_version=&#8221;3.19.14&#8243;]<\/p>\n<h3 style=\"text-align: center;\"><span>TV-Inter \u00e4r en missionsorganisation som anv\u00e4nder TV som verktyg f\u00f6r att n\u00e5 m\u00e4nniskor b\u00e5de globalt och nu \u00e4ven i Sverige med evangeliet om Jesus.<\/span><\/h3>\n<p>[\/et_pb_text][\/et_pb_column][\/et_pb_row][\/et_pb_section][et_pb_section fb_built=&#8221;1&#8243; _builder_version=&#8221;3.19.14&#8243; background_color=&#8221;#ffffff&#8221;][et_pb_row _builder_version=&#8221;3.19.14&#8243;][et_pb_column type=&#8221;4_4&#8243; _builder_version=&#8221;3.19.14&#8243;][et_pb_image src=&#8221;https:\/\/tvinter.se\/wp-content\/uploads\/2022\/04\/mer-sverige-till-folket.png&#8221; _builder_version=&#8221;3.19.14&#8243;][\/et_pb_image][\/et_pb_column][\/et_pb_row][et_pb_row use_custom_width=&#8221;on&#8221; custom_width_px=&#8221;800px&#8221; custom_padding=&#8221;27px|0px|27px|0px|false|false&#8221; _builder_version=&#8221;3.19.14&#8243;][et_pb_column type=&#8221;4_4&#8243; _builder_version=&#8221;3.19.14&#8243;][et_pb_text _builder_version=&#8221;3.19.14&#8243; header_font=&#8221;|800|||||||&#8221; header_font_size=&#8221;50px&#8221;]<\/p>\n<h1 style=\"text-align: center;\"><strong>MER JESUS TILL SVERIGE<\/strong><\/h1>\n<p>[\/et_pb_text][et_pb_text _builder_version=&#8221;3.19.14&#8243;]<\/p>\n<p class=\"p1\" style=\"text-align: center;\"><b>Det \u00e4r tid att satsa p\u00e5 att ge mer Jesus till Sverige.<\/b> Nyhetsfl\u00f6dena och den politiska retoriken i v\u00e5rt land kan antingen f\u00f6rlama oss eller v\u00e4cka oss till att agera. Svaret p\u00e5 det Sverige beh\u00f6ver \u00e4r \u2013 mer Jesus. Vi ser unika m\u00f6jligheter att satsa brett p\u00e5 flera mediafronter f\u00f6r att ta evangeliet l\u00e4ngre \u00e4n tidigare. Jesus beh\u00f6vs i alla grupper i v\u00e5rt samh\u00e4lle. Han har ett \u00e4rende till sargade hem, brustna relationer, kriminella v\u00e4rldar och till medelsvenssons behagliga vardagslunk.<\/p>\n<p class=\"p1\" style=\"text-align: center;\"><strong><\/strong><\/p>\n<p class=\"p1\"><b>Vi tror att mer Jesus beh\u00f6ver kommuniceras p\u00e5 sk\u00e4rmar, i b\u00f6cker och i tidningar. I samarbete med TV inter satsar vi nu p\u00e5 att g\u00f6ra verkstad f\u00f6r att med media som verktyg ta mer Jesus till Sverige.<\/b><\/p>\n<p>[\/et_pb_text][\/et_pb_column][\/et_pb_row][et_pb_row use_custom_width=&#8221;on&#8221; custom_width_px=&#8221;800px&#8221; _builder_version=&#8221;3.19.14&#8243; background_color=&#8221;rgba(132,132,132,0.09)&#8221;][et_pb_column type=&#8221;4_4&#8243; _builder_version=&#8221;3.19.14&#8243;][et_pb_text _builder_version=&#8221;3.19.14&#8243; max_width=&#8221;80%&#8221; module_alignment=&#8221;center&#8221;]<\/p>\n<p class=\"p1\"><b>Satsningen mer Jesus till Sverige best\u00e5r bland annat av:<\/b><\/p>\n<ul>\n<li class=\"p1\">Tv-satsningar f\u00f6r att n\u00e5 ut i Sverige i samarbete med TBN Nordic, med bland annat barnprogram f\u00f6r att vara med och p\u00e5verka n\u00e4sta generation. Titta g\u00e4rna in p\u00e5 <b>tbnplay.se\/pete-penelope<\/b> f\u00f6r ett exempel.<\/li>\n<li class=\"p1\">\n<p class=\"p1\">Annonskampanjer i dagspress kring jul och p\u00e5sk.<\/p>\n<\/li>\n<\/ul>\n<p>[\/et_pb_text][\/et_pb_column][\/et_pb_row][\/et_pb_section][et_pb_section fb_built=&#8221;1&#8243; _builder_version=&#8221;3.19.14&#8243; background_color=&#8221;#e61a30&#8243;][et_pb_row _builder_version=&#8221;3.19.14&#8243;][et_pb_column type=&#8221;4_4&#8243; _builder_version=&#8221;3.19.14&#8243;][et_pb_text _builder_version=&#8221;3.19.14&#8243; header_font=&#8221;||||||||&#8221; header_2_font=&#8221;||||||||&#8221; header_2_text_color=&#8221;#ffffff&#8221;]<\/p>\n<h2 style=\"text-align: center;\">I n\u00e4ra samarbete med:<\/h2>\n<p>[\/et_pb_text][\/et_pb_column][\/et_pb_row][et_pb_row _builder_version=&#8221;3.19.14&#8243;][et_pb_column type=&#8221;1_2&#8243; _builder_version=&#8221;3.19.14&#8243;][et_pb_divider show_divider=&#8221;off&#8221; _builder_version=&#8221;3.19.14&#8243;][\/et_pb_divider][et_pb_image src=&#8221;https:\/\/tvinter.se\/wp-content\/uploads\/2022\/04\/IBRA_logo_white.png&#8221; url=&#8221;https:\/\/ibra.se\/&#8221; url_new_window=&#8221;on&#8221; align=&#8221;right&#8221; _builder_version=&#8221;3.19.14&#8243; max_width=&#8221;37%&#8221;][\/et_pb_image][\/et_pb_column][et_pb_column type=&#8221;1_2&#8243; _builder_version=&#8221;3.19.14&#8243;][et_pb_image src=&#8221;https:\/\/tvinter.se\/wp-content\/uploads\/2022\/04\/logo-pingst-all.png.webp&#8221; url_new_window=&#8221;on&#8221; _builder_version=&#8221;3.19.14&#8243; max_width=&#8221;32%&#8221; module_alignment=&#8221;left&#8221; url=&#8221;https:\/\/www.pingst.se\/&#8221;][\/et_pb_image][\/et_pb_column][\/et_pb_row][\/et_pb_section]<\/p>\n","protected":false},"excerpt":{"rendered":"<p>Kristen TV till v\u00e4rldens alla folkTV-Inter \u00e4r en missionsorganisation som anv\u00e4nder TV som verktyg f\u00f6r att n\u00e5 m\u00e4nniskor b\u00e5de globalt och nu \u00e4ven i Sverige med evangeliet om Jesus.MER JESUS TILL SVERIGEDet \u00e4r tid att satsa p\u00e5 att ge mer Jesus till Sverige. Nyhetsfl\u00f6dena och den politiska retoriken i v\u00e5rt land kan antingen f\u00f6rlama oss [&hellip;]<\/p>\n","protected":false},"author":2,"featured_media":0,"parent":0,"menu_order":0,"comment_status":"closed","ping_status":"closed","template":"","meta":{"_et_pb_use_builder":"on","_et_pb_old_content":"","_et_gb_content_width":"","footnotes":""},"class_list":["post-14","page","type-page","status-publish","hentry"],"_links":{"self":[{"href":"https:\/\/tvinter.se\/index.php?rest_route=\/wp\/v2\/pages\/14","targetHints":{"allow":["GET"]}}],"collection":[{"href":"https:\/\/tvinter.se\/index.php?rest_route=\/wp\/v2\/pages"}],"about":[{"href":"https:\/\/tvinter.se\/index.php?rest_route=\/wp\/v2\/types\/page"}],"author":[{"embeddable":true,"href":"https:\/\/tvinter.se\/index.php?rest_route=\/wp\/v2\/users\/2"}],"replies":[{"embeddable":true,"href":"https:\/\/tvinter.se\/index.php?rest_route=%2Fwp%2Fv2%2Fcomments&post=14"}],"version-history":[{"count":22,"href":"https:\/\/tvinter.se\/index.php?rest_route=\/wp\/v2\/pages\/14\/revisions"}],"predecessor-version":[{"id":117,"href":"https:\/\/tvinter.se\/index.php?rest_route=\/wp\/v2\/pages\/14\/revisions\/117"}],"wp:attachment":[{"href":"https:\/\/tvinter.se\/index.php?rest_route=%2Fwp%2Fv2%2Fmedia&parent=14"}],"curies":[{"name":"wp","href":"https:\/\/api.w.org\/{rel}","templated":true}]}}